er when 478 is divided by 24?
22
Calculate the remainder when 2439 is divided by 11.
8
What is the remainder when 2938 is divided by 419?
5
What is the remainder when 1184 is divided by 33?
29
Calculate the remainder when 73 is divided by 15.
13
Calculate the remainder when 180 is divided by 98.
82
Calculate the remainder when 28512 is divided by 97.
91
What is the remainder when 199 is divided by 34?
29
What is the remainder when 1950 is divided by 149?
13
What is the remainder when 161 is divided by 2?
1
What is the remainder when 2039 is divided by 577?
308
What is the remainder when 153 is divided by 79?
74
What is the remainder when 887 is divided by 30?
17
What is the remainder when 390 is divided by 112?
54
What is the remainder when 770 is divided by 152?
10
What is the remainder when 1775 is divided by 1765?
10
What is the remainder when 122 is divided by 27?
14
What is the remainder when 133 is divided by 45?
43
What is the remainder when 184 is divided by 12?
4
What is the remainder when 346 is divided by 75?
46
What is the remainder when 477 is divided by 234?
9
Calculate the remainder when 367 is divided by 40.
7
Calculate the remainder when 1193 is divided by 15.
8
What is the remainder when 1847 is divided by 313?
282
Calculate the remainder when 337 is divided by 81.
13
Calculate the remainder when 180 is divided by 19.
9
Calculate the remainder when 228 is divided by 58.
54
Calculate the remainder when 10550 is divided by 182.
176
Calculate the remainder when 597 is divided by 7.
2
What is the remainder when 162 is divided by 83?
79
Calculate the remainder when 86 is divided by 38.
10
What is the remainder when 79 is divided by 40?
39
Calculate the remainder when 9 is divided by 3.
0
Calculate the remainder when 18710 is divided by 99.
98
Calculate the remainder when 51 is divided by 23.
5
Calculate the remainder when 487 is divided by 5.
2
Calculate the remainder when 598 is divided by 120.
118
Calculate the remainder when 39 is divided by 18.
3
Calculate the remainder when 207 is divided by 25.
7
Calculate the remainder when 308 is divided by 85.
53
What is the remainder when 3882 is divided by 58?
54
Calculate the remainder when 137 is divided by 10.
7
Calculate the remainder when 198 is divided by 41.
34
Calculate the remainder when 30 is divided by 18.
12
Calculate the remainder when 67 is divided by 19.
10
What is the remainder when 248 is divided by 51?
44
What is the remainder when 705 is divided by 71?
66
Calculate the remainder when 765 is divided by 252.
9
What is the remainder when 961 is divided by 138?
133
What is the remainder when 64 is divided by 28?
8
Calculate the remainder when 162 is divided by 86.
76
What is the remainder when 52 is divided by 33?
19
Calculate the remainder when 271 is divided by 83.
22
What is the remainder when 69 is divided by 38?
31
Calculate the remainder when 1978 is divided by 45.
43
Calculate the remainder when 8014 is divided by 321.
310
Calculate the remainder when 12163 is divided by 117.
112
What is the remainder when 214 is divided by 9?
7
Calculate the remainder when 257 is divided by 248.
9
What is the remainder when 8 is divided by 4?
0
Calculate the remainder when 1206 is divided by 446.
314
What is the remainder when 2428 is divided by 27?
25
What is the remainder when 199 is divided by 25?
24
What is the remainder when 107 is divided by 16?
11
What is the remainder when 17302 is divided by 8645?
12
What is the remainder when 834 is divided by 84?
78
What is the remainder when 1011 is divided by 13?
10
What is the remainder when 400 is divided by 35?
15
Calculate the remainder when 193 is divided by 40.
33
Calculate the remainder when 281 is divided by 36.
29
Calculate the remainder when 158 is divided by 10.
8
What is the remainder when 328 is divided by 15?
13
Calculate the remainder when 1550 is divided by 5.
0
What is the remainder when 5877 is divided by 20?
17
What is the remainder when 4821 is divided by 9?
6
Calculate the remainder when 143 is divided by 139.
4
Calculate the remainder when 15180 is divided by 292.
288
What is the remainder when 130 is divided by 33?
31
Calculate the remainder when 2173 is divided by 11.
6
What is the remainder when 47 is divided by 12?
11
Calculate the remainder when 3856 is divided by 99.
94
Calculate the remainder when 1402 is divided by 18.
16
Calculate the remainder when 1173 is divided by 97.
9
Calculate the remainder when 24 is divided by 21.
3
Calculate the remainder when 73 is divided by 41.
32
What is the remainder when 104 is divided by 89?
15
What is the remainder when 285 is divided by 11?
10
What is the remainder when 2748 is divided by 21?
18
Calculate the remainder when 53213 is divided by 16.
13
What is the remainder when 974 is divided by 88?
6
What is the remainder when 88 is divided by 26?
10
Calculate the remainder when 2638 is divided by 2634.
4
Calculate the remainder when 224 is divided by 117.
107
Calculate the remainder when 115 is divided by 35.
10
Calculate the remainder when 1924 is divided by 19.
5
Calculate the remainder when 211 is divided by 72.
67
Calculate the remainder when 73 is divided by 72.
1
What is the remainder when 323 is divided by 82?
77
Calculate the remainder when 98 is divided by 51.
47
What is the remainder when 147 is divided by 30?
27
Calculate the remainder when 35 is divided by 9.
8
What is the remainder when 95 is divided by 10?
5
Calculate the remainder when 1353 is divided by 154.
121
Calculate the remainder when 200 is divided by 108.
92
What is the remainder when 4006 is divided by 19?
16
What is the remainder when 376 is divided by 42?
40
What is the remainder when 134 is divided by 19?
1
What is the remainder when 1289 is divided by 426?
11
Calculate the remainder when 116 is divided by 50.
16
Calculate the remainder when 66 is divided by 36.
30
What is the remainder when 865 is divided by 17?
15
What is the remainder when 255 is divided by 90?
75
Calculate the remainder when 1305 is divided by 4.
1
What is the remainder when 503 is divided by 22?
19
Calculate the remainder when 909 is divided by 14.
13
What is the remainder when 2204 is divided by 138?
134
What is the remainder when 49 is divided by 28?
21
What is the remainder when 80 is divided by 36?
8
What is the remainder when 899 is divided by 886?
13
What is the remainder when 2855 is divided by 698?
63
Calculate the remainder when 8914 is divided by 26.
22
Calculate the remainder when 94 is divided by 7.
3
What is the remainder when 300 is divided by 102?
96
What is the remainder when 251 is divided by 7?
6
Calculate the remainder when 1103 is divided by 79.
76
Calculate the remainder when 147 is divided by 43.
18
Calculate the remainder when 6147 is divided by 82.
79
Calculate the remainder when 572 is divided by 16.
12
What is the remainder when 66 is divided by 25?
16
What is the remainder when 455 is divided by 19?
18
Calculate the remainder when 32 is divided by 12.
8
What is the remainder when 44 is divided by 20?
4
Calculate the remainder when 98 is divided by 17.
13
Calculate the remainder when 1392 is divided by 3.
0
What is the remainder when 162 is divided by 87?
75
Calculate the remainder when 536 is divided by 185.
166
Calculate the remainder when 70 is divided by 20.
10
What is the remainder when 560 is divided by 113?
108
What is the remainder when 60677 is divided by 41?
38
Calculate the remainder when 23527 is divided by 26.
23
What is the remainder when 680 is divided by 56?
8
What is the remainder when 4513 is divided by 168?
145
Calculate the remainder when 459 is divided by 14.
11
Calculate the remainder when 791 is divided by 261.
8
Calculate the remainder when 548 is divided by 39.
2
What is the remainder when 305 is divided by 17?
16
Calculate the remainder when 175 is divided by 8.
7
Calculate the remainder when 77 is divided by 58.
19
Calculate the remainder when 269 is divided by 2.
1
Calculate the remainder when 61 is divided by 49.
12
Calculate the remainder when 233 is divided by 80.
73
Calculate the remainder when 240 is divided by 35.
30
What is the remainder when 102 is divided by 54?
48
Calculate the remainder when 75 is divided by 30.
15
Calculate the remainder when 18882 